is the highest common factor of n and c?
8
Let p be 68/32*4 - (-5)/(-2). Let w be 13 - (-7)/(-42)*p. Calculate the greatest common factor of w and 132.
12
Let w(h) = -h**3 + 14*h**2 + 51*h + 24. Let j be w(17). Let p(x) = -10 + 9 + 72*x**2 + 0*x - x. Let n be p(-1). Calculate the highest common divisor of j and n.
24
Let n(d) = d**3 + 6*d**2 - d + 14. Let k be n(-7). Let t(u) = u**2 + 27*u - 10. Let c be t(k). Calculate the highest common divisor of c and 135.
9
Let w = 7110 + -7078. What is the greatest common factor of 5024 and w?
32
Let h(k) = -3*k**2 - 24*k - 12. Let t be h(-5). Let r be (-22 - -18)/((-3)/t). What is the highest common factor of r and 308?
44
Suppose z - 518 = -4*a, -2*z = 108*a - 106*a - 1078. Calculate the highest common factor of 1050 and z.
42
Suppose -65*r = -72*r + 1085. Suppose 4*t - 69 + 825 = 5*w, -w - 3*t + r = 0. Calculate the highest common divisor of 38 and w.
38
Let g(s) = 9*s - 22. Let w(v) = 8*v - 23. Let l(z) = -4*g(z) + 5*w(z). Let f be l(-7). Let t = -13 - f. What is the greatest common factor of t and 28?
14
Let t(c) = 3*c + 3. Let o be t(-6). Let j be (o/10)/((-3)/304). Let n(p) = 20*p - 1. Let b be n(1). Calculate the highest common divisor of b and j.
19
Let f(u) = 4*u**2 - 16*u - 16. Let i be f(-1). Calculate the highest common factor of i and 11.
1
Suppose r - 14 = -4*h + 281, 4*r = h - 95. Let k = -192 + 192. Let z be (-8)/(-28) + k + (-832)/(-28). What is the highest common factor of z and h?
15
Suppose 17*y = 350 + 1214. Calculate the highest common factor of y and 2300.
92
Let k be ((-4)/3)/((-13)/(273/14)). Suppose 0 = 3*z - m - 148, -2*m + 3*m = z - 48. Calculate the greatest common factor of k and z.
2
Suppose 4*f - 157 = -w + 394, -f = -w - 139. What is the greatest common factor of 222 and f?
6
Suppose 5*p - 5*r - 230 = 0, 271 = 5*p - 4*r + 43. Let k be -1*4/(-24) + 17/6. Let b be (72/60)/(k/10). What is the greatest common factor of p and b?
4
Let c = 42 + -21. Suppose c*a + 13 = 22*a. Let f be 1 - 1/(2/(-50)). What is the highest common divisor of a and f?
13
Let h(u) = 581*u - 53. Let m be h(1). Calculate the greatest common divisor of m and 330.
66
Let c(z) = -2*z**2 - 2. Let r(s) = -6*s**2 + 124*s - 69. Let o(d) = -c(d) + r(d). Let t be o(29). What is the highest common factor of 45 and t?
15
Suppose -5*o - 777 = -3*h, -o - 261 = 525*h - 526*h. Calculate the greatest common divisor of h and 5940.
132
Let o be (-3 - -18)*13/3. Let h = -14 - -24. What is the highest common factor of o and h?
5
Let x(s) = 12*s**3 - 2*s**2 - 1. Let c be x(2). Suppose -351*r - 240*r = 189*r + 1151*r - 895984. What is the greatest common factor of c and r?
29
Suppose 108*o + 9460 - 103636 = 0. What is the highest common factor of o and 2071?
109
Suppose 0 = 18*k + 32*k - 265650. What is the highest common factor of 644 and k?
161
Suppose 5*i + 139 = -5*b + 164, -4*b + 35 = i. Let v(m) = -109*m + 1. Let l be v(-1). What is the greatest common divisor of l and b?
10
Let f(m) = 107*m + 545. Let a be f(-5). What is the highest common divisor of 585 and a?
5
Suppose -30 - 48 = -3*t. Let g = 30 - t. Suppose -3*l - n - g*n = 2, -2*l - 3*n = 0. What is the highest common factor of 2 and l?
2
Suppose -36*x + 41*x + 4*b - 13 = 0, -20 = -4*x - 2*b. What is the greatest common divisor of x and 68?
1
Suppose 9*k - 29*k = -7*k - 819. What is the highest common divisor of k and 2289?
21
Suppose 2297445 - 1291459 = 447*a - 3450604. Calculate the greatest common factor of a and 20.
10
Suppose -7*c = 3*w - 11*c - 917, -c = 5. Let k be (-79)/(-6) - (-3)/(-18). What is the greatest common factor of k and w?
13
Suppose 3*p + 5 = 2*c + 3, 2*p - 4*c = 12. Let y be (-1)/5 - 5/((-25)/p). Let j be 5 - (y + (-4 - -3)). What is the greatest common factor of j and 7?
7
Let v = -877 + 2319. What is the highest common divisor of v and 112?
14
Suppose -3*w - 139 = -5*i + 363, -5*i - 3*w + 508 = 0. Calculate the highest common factor of i and 38279.
101
Let z be (3 - -2)/((-25)/(-10)). Let u = z - -1. Suppose -u*c - c + 108 = 0. Calculate the highest common divisor of c and 216.
27
Suppose 2*l = -3*n + 2, -8 = -2*n + 30*l - 28*l. Suppose n*o = 1059 - 321. What is the greatest common factor of 82 and o?
41
Suppose -3*q = -3*g - 6, -11*g = -8*g - q - 2. Suppose -w = -0*w - 5*y - 665, g*w + 3*y = 1343. Calculate the highest common divisor of 10 and w.
10
Let p(n) = -2*n**2 + 28*n + 70. Let x be p(0). Calculate the greatest common factor of x and 784.
14
Let y(q) = 10*q**2 - 3*q - 1. Let c be y(-5). Let d = c - 201. Calculate the greatest common factor of d and 9.
9
Let w(p) = -22*p - 175. Let c = -212 + 204. Let h be w(c). Let v be (-4)/6 - (-105)/9. What is the greatest common factor of h and v?
1
Suppose -54*h = -55*h + 480. Suppose -17*u + 115 + 140 = 0. What is the greatest common factor of u and h?
15
Let q = 19858 - 18938. What is the greatest common divisor of 4232 and q?
184
Let h be -1*((-3)/1 + 0). Suppose -13*w + 14*w = 4*b, b - 4*w - 15 = 0. Let j be h - -2*b/(-1). Calculate the highest common factor of 5 and j.
5
Let w = -674 + 790. Let z be (-87)/(((-105)/(-25))/(-7)). What is the highest common factor of w and z?
29
Let o(h) = -2*h + 123. Let k be 2*2/2 + -37 + 2. Let d be o(k). What is the greatest common divisor of 42 and d?
21
Let q(r) = -r**3 - 2*r**2 - 4*r - 1. Let a be q(-3). Let l = 57 + -63. Let g(p) = -23*p - 128. Let y be g(l). What is the highest common factor of y and a?
10
Suppose 0 = 51*l - 55*l - 32. Let u be 50 - 1/(-1*2/l). Suppose 3*a = 225 + 189. Calculate the greatest common divisor of u and a.
46
Suppose 0 = 5*c - 8*c + 4*s + 188, 0 = -4*s + 28. Calculate the greatest common factor of c and 1320.
24
Suppose -69*w - 465864 = -116*w. What is the highest common divisor of w and 336?
168
Suppose -4*c - 16 = 0, -3*n - 1 = -4*c + 1. Let p be -2*(-7 - n)*14. Calculate the highest common divisor of p and 7.
7
Suppose 1129 - 274 = p. Suppose -u - 855 = -5*k - 0*u, p = 5*k - 5*u. Calculate the greatest common divisor of k and 57.
57
Let s be 235920/156 + (-9)/((-351)/(-12)). Calculate the highest common divisor of s and 3672.
216
Let u(h) = 9*h. Let l be u(1). Let s be 2*l*1/2. Let b be (-17)/68 + 146/8. What is the greatest common factor of s and b?
9
Suppose -262 = -2*d - 0*w - w, 4*w + 642 = 5*d. What is the greatest common divisor of d and 4160?
130
Let l(k) be the second derivative of -k**3/6 + 17*k**2/2 - 2*k - 46. Let s be l(-8). Calculate the greatest common factor of 400 and s.
25
Let b be (4/(-6))/(-2 - (-799)/408). Suppose -h + n + 130 = 0, -b = -13*n + 9*n. Calculate the highest common factor of h and 67.
67
Suppose 82 = 2*p - 100. Let j(x) = -x**2 - 9*x + 13. Let h be j(-10). Suppose -5*d - h = -y + 5, -y + d = -12. What is the greatest common factor of y and p?
13
Suppose -29 = 2*a + 5*i, -3*a - 3*i + 12 = -6*a. Let k = 6 + a. Let c be 3*(4 + k - 0). Calculate the greatest common factor of c and 18.
9
Let l = 30 + -18. Suppose -711*j + 706*j + 570 = 0. What is the highest common divisor of j and l?
6
Let k = -3823 + 4890. Calculate the greatest common divisor of k and 44.
11
Let y = 139 - 139. Suppose -3*g + 7*w + 496 = 3*w, y = -4*g - 4*w + 624. Calculate the highest common factor of 5 and g.
5
Let u be ((-10)/35 - (-60)/14) + 104960/205. What is the greatest common divisor of 8944 and u?
172
Suppose 42*w - 12*w + 25*w - 19800 = 0. What is the highest common divisor of 1035 and w?
45
Suppose 67*n + 89 - 9329 = 287*n. Let f(y) = y**2 - 6*y - 4. Let b be f(-6). Let d = b + n. What is the greatest common factor of 104 and d?
26
Let j(r) = r**2 - 8*r + 14. Let d be j(7). Let t be (30/25)/(d/315). What is the greatest common divisor of t and 306?
18
Let b = 79634 - 79499. Let m(c) = -32*c + 5. Let w be m(-5). What is the greatest common divisor of w and b?
15
Suppose 26*k - 1342 = 530. Suppose 5*d = -3*f + 82, f + d = 4*f - 70. Calculate the greatest common divisor of k and f.
24
Suppose 0 = -2*b + b + 47. Let m(d) = -d**3 - 38*d**2 - 176*d + 60. Let t be m(-33). Calculate the greatest common factor of t and b.
47
Suppose -4*n = 3*z - 3821, -5*z - n + 6*n = -6345. Let x be 132/(-176)*(-20)/(-15)*-31. Calculate the highest common divisor of z and x.
31
Let y(v) = -v**3 - 5*v**2 + 8*v + 17. Let s be y(-6